ed by l.
0
Suppose 10*z - 42 = 4*z. Let y = 15 + 4. Calculate the remainder when y is divided by z.
5
Suppose -4059*p = -4047*p - 108. Calculate the remainder when 115 is divided by p.
7
Let z = -5 + 6. Let y(w) = 37*w**3 - w**2 + 3*w - 2. What is the remainder when 184 is divided by y(z)?
36
Let r be 32 - (8/(-4) - 2). Calculate the remainder when (0 + 138/(-8))*-4 is divided by (-45)/(-6)*(0 + r/15).
15
Suppose 6*l - 32*l = -1196. What is the remainder when l is divided by 8?
6
Let z(l) = -5*l - 27. Let a be ((-66)/12)/(0 + (-3)/(-6)). Calculate the remainder when 81 is divided by z(a).
25
Suppose 2*f = -j + 49, -4*f = f + 3*j - 123. Let i = -545 + 548. What is the remainder when f is divided by i?
0
Suppose 622 = 5*b - 328. What is the remainder when b is divided by 49?
43
Let j = -385 + 404. What is the remainder when 71 is divided by j?
14
Let t(y) = y**2 - 20*y + 32. Let p(k) = 2*k**2 - 20*k + 32. Let a(m) = 2*p(m) - 3*t(m). Calculate the remainder when 107 is divided by a(-23).
33
Suppose -2*a = -5*a + 15. Let s be (-16)/(-6) - a/(-15). Suppose -2*q = s - 23. Calculate the remainder when 18 is divided by q.
8
Suppose 0 = -5*o + a + 39 + 314, -o = 4*a - 58. Suppose 4*c + 39 = -21. Let z = 3 - c. What is the remainder when o is divided by z?
16
Let h be -1 + 5 + (29 - 1). Let l = h + -24. Suppose v - 5*v = -l. Calculate the remainder when 4 is divided by v.
0
Suppose -91 = 2*g - 133. Calculate the remainder when (-15 - -30)*(g/5 - 0) is divided by 22.
19
Suppose -3*s = 2*c - 25, 0*s - 3*s - 5*c + 31 = 0. Calculate the remainder when (0 - s)*(-960)/112 is divided by 21.
18
Let j = -154 - -362. What is the remainder when j is divided by 107?
101
Suppose i + 0*i = 0. Let b(u) = 7 - 2*u + 21 + 4. What is the remainder when b(i) is divided by 11?
10
Suppose 2 + 8 = 5*n. Calculate the remainder when (-20)/4 - 3 - (-19 - -9) is divided by n.
0
Suppose -22*c = -14*c - 144. What is the remainder when c - -2 - -4 - 0 is divided by 7?
3
Suppose 4*n = -2*n + 138. What is the remainder when n is divided by 7?
2
Let m(a) = a**3 + 3*a**2 - 5*a - 2. Calculate the remainder when (4 + 14/4)*(-2)/(-3) is divided by m(-4).
1
Suppose -2*n - 30*h + 31*h = -46, -5*n + 112 = -h. Calculate the remainder when 107 is divided by n.
19
Let n = 0 + 6. Suppose 2*r - m = 101, 2*r - n*m + 2*m = 104. Calculate the remainder when r is divided by 26.
24
Calculate the remainder when 237 is divided by 7 - (-5)/(10/6).
7
Calculate the remainder when ((-58)/6)/(((-90)/27)/10) is divided by 12.
5
Let a be -1 + (1 - (-32 - 0)). Suppose 5*y - y = a. Suppose 4*w - 63 = w. Calculate the remainder when w is divided by y.
5
Let d = -1632 - -1646. Let k = -12 + 17. What is the remainder when d is divided by k?
4
Let h(c) = 3*c**3 + 20*c**2 - 7*c + 10. Let u(p) = p**3 - 2*p**2 - 2*p - 2. Calculate the remainder when h(-6) is divided by u(5).
61
Suppose 3*a - 5*a - 8 = 0. Calculate the remainder when 53 is divided by (-3)/(-2*a/(-16)).
5
Let x(s) = s**2 + 3. Let m be x(0). Let a(l) = l**m + 0*l**3 - 76*l**2 + 89*l**2 + 7 + 17*l. Calculate the remainder when a(-11) is divided by 21.
20
Let n(t) = -t**3 - 3*t**2 - 27*t - 249. What is the remainder when n(-8) is divided by 68?
15
Let i = -324 - -383. What is the remainder when i is divided by 24?
11
What is the remainder when 61 is divided by (4 + -1)/((-57)/(-171))?
7
Let q(w) = 7*w**2 - 2*w - 1. Let i be q(2). Suppose 10 = 2*v - 64. What is the remainder when v is divided by (-4 - -1) + i + -1?
18
What is the remainder when (-92016)/(-171) - (-6)/(-57) is divided by 11?
10
Suppose 0 = -2*d - 6*b + 9*b + 46, -120 = -5*d + 5*b. What is the remainder when 285 is divided by d?
25
Let b = 92 + -19. Suppose 2*w = b - 9. Calculate the remainder when 158 is divided by w.
30
Suppose -47 = 4*u - 291. Let y = -146 + u. Let r = y - -152. What is the remainder when r is divided by 17?
16
Suppose -4*d + 12 = c - 9, c + 3*d - 17 = 0. Suppose -41*i - 20 = -1168. What is the remainder when 273/c + (-4)/(-10) is divided by i?
27
Let m(y) = -4*y. Let s be m(2). Let i(t) = t**3 + 11*t**2 + 5*t - 8. Let g be i(s). Suppose -o = -4*o + g. Calculate the remainder when o is divided by 25.
23
Suppose -4*o + 724 = -700. Suppose -o = -5*y + y. Let r = -26 + y. Calculate the remainder when r is divided by 16.
15
Suppose 6*g - 15 = 3*g, 4*o + 456 = 4*g. Let b = 180 + o. What is the remainder when b is divided by 12?
11
Let o(a) = a**2 + a - 2. Let x be o(-3). Suppose -x*k = -4 - 24. Let b(t) = 24*t**2 + 2*t - 1. What is the remainder when b(1) is divided by k?
4
Suppose 1 = 5*x - 3*c + 24, x + 3*c + 1 = 0. Suppose -3*y = -2*p - 50, y + 9*p - 4*p = 45. Calculate the remainder when 92 is divided by y/30*(-186)/x.
30
Let v(u) = 52*u**2 - 3*u + 2. Calculate the remainder when v(2) is divided by 9.
6
Let v = 53 + -35. What is the remainder when ((-68)/(-7))/(2*(-2)/(-14)) is divided by v?
16
Let t(x) = -2*x**2 + 5*x + 121. What is the remainder when 118 is divided by t(9)?
2
Let q(g) = -g - 9. Let p be q(-9). Suppose -4*v + 5*f = -3*v - 31, p = -5*v - 5*f + 65. What is the remainder when v/(-24)*(-150)/4 is divided by 14?
11
Let d be 102/(-7) - 3/7. Let f = d - -11. What is the remainder when 37 is divided by 2/f*(-3 - 17)?
7
Let a(k) = k**2 - 19*k + 88. Calculate the remainder when 15 is divided by a(13).
5
Suppose 0 = -33*f + 26*f + 28. Calculate the remainder when 25 is divided by f.
1
Let o = 500 + -453. What is the remainder when o is divided by 26?
21
Suppose 5*a + 65 = -4*t + 245, -a = 4*t - 36. Let j be a/(-9)*(-2)/4. Calculate the remainder when 13 is divided by (1 - j - -8)/1.
6
Let h be 221/65 - 2/5. Let n be (-2 + h)/(2 - 3). Calculate the remainder when n/5 + 62/10 is divided by 4.
2
Let h(f) = -f**3 - 8*f**2 - 6*f - 3. Let y = 83 - 66. What is the remainder when h(-8) is divided by y?
11
Suppose 4*s = 3*t - 33 + 104, 3*s - 62 = 4*t. Calculate the remainder when 528 is divided by s.
10
Let p = 2 - -2. Suppose j - 105 = -p*j. Calculate the remainder when j is divided by 13 - (-3 - (-2 - 2)).
9
Let g = 191 - 174. Let r(k) = 0*k**2 + 0*k**2 + 7 - 4*k**2 + 2*k - k**3. What is the remainder when r(-6) is divided by g?
16
Let v = 105 - 94. Suppose 51 = -8*d + v*d. Calculate the remainder when d is divided by 3.
2
Suppose -7 + 203 = 4*q. Calculate the remainder when q is divided by 10/(-175)*-5 - (-234)/14.
15
Let u be (-7)/(-2)*(-78)/(-13). Suppose -8*m + u = -91. Calculate the remainder when 15 is divided by m.
1
Let z(q) = q + 51. Suppose 4 = r, -2*v + 2*r + 2 = -0. What is the remainder when z(-28) is divided by v?
3
Suppose -y + 30 = 9. What is the remainder when 39 is divided by y?
18
Let l = 4103 + -806. What is the remainder when l is divided by 15?
12
Suppose 2 = -2*v + 8. Let y(d) = -d + 17. Let p be y(-5). Suppose p = 2*o - 2*c, c = 2*o + 6*c - 1. What is the remainder when o is divided by v?
2
Suppose 0 = 2*b + b - 9. Suppose -3*g = g - c - 1, 9 = b*c. Suppose -g = -j + 6. What is the remainder when j is divided by 5?
2
Suppose d = 3 + 1. Calculate the remainder when 34 is divided by (-212)/(-18) + d/18.
10
Suppose -8 + 10 = -k. Let y be (36/48)/(k/8). Calculate the remainder when (y + 80/6)*3 is divided by 16.
15
Suppose -228*x - 152 = -232*x. What is the remainder when x is divided by 23?
15
Let t(h) = -199*h**3 + h**2 - 11*h - 11. What is the remainder when t(-1) is divided by 61?
17
What is the remainder when -1*(1612/(-9) + 22/198) is divided by 42?
11
Let w be ((-15)/12 - 0) + (-1)/(-4). Calculate the remainder when 1/1*-67*w is divided by 14.
11
Let u(r) = 12*r**2 + 8*r + 9. Calculate the remainder when u(-3) is divided by 25.
18
Let y(m) be the first derivative of m**3/3 + 11*m**2/2 - m + 43. Let v = 5 - -9. What is the remainder when y(-14) is divided by v?
13
Suppose 40 = 2*x + 4. Let j(v) = -v**2 + 10*v - 11. Calculate the remainder when x is divided by j(8).
3
Suppose -139 = -9*j + 5*j - 3*n, 2*n = 2*j - 80. Calculate the remainder when 106 is divided by j.
32
What is the remainder when 570/8 + 17/(-68) is divided by 25?
21
Suppose 3*i + 48 = -0*i. Let q = -3 - i. Calculate the remainder when (-19)/(-4 - -3) + 5 is divided by q.
11
Let s = 279 + -53. Calculate the remainder when s is divided by 23.
19
Calculate the remainder when 42 is di